{"id":3198,"date":"2023-06-05T11:48:29","date_gmt":"2023-06-05T11:48:29","guid":{"rendered":"https:\/\/www.yesemekkostum.com\/kiralik\/?post_type=product&#038;p=3198"},"modified":"2025-09-06T08:32:19","modified_gmt":"2025-09-06T08:32:19","slug":"pinokyo-kostumu","status":"publish","type":"product","link":"https:\/\/www.yesemekkostum.com\/kiralik\/product\/pinokyo-kostumu\/","title":{"rendered":"P\u0130NOKYO KOST\u00dcM\u00dc"},"content":{"rendered":"<p>%100 yerli \u00fcretimdir.<\/p>\n<p>Yesemek kost\u00fcm taraf\u0131ndan tasarlan\u0131p \u00fcretilmi\u015ftir.<\/p>\n<p>Do\u011fum g\u00fcnleri,sahne ve okul g\u00f6sterilerinde ve kost\u00fcm partileri i\u00e7in kullan\u0131ma uygundur.<\/p>\n<p>Rahat giyimiyle fark yaratmaktad\u0131r.<\/p>\n","protected":false},"excerpt":{"rendered":"<p>Plastik buru<br \/>\nTerikoton beyaz g\u00f6mlek.<br \/>\nAlpaka kuma\u015ftan ask\u0131l\u0131 k\u0131sa tulum olarak \u00fc\u00e7 par\u00e7adan olu\u015fmaktad\u0131r.<\/p>\n","protected":false},"featured_media":4723,"comment_status":"open","ping_status":"closed","template":"","meta":[],"product_brand":[],"product_cat":[133,137,132],"product_tag":[128],"class_list":{"0":"post-3198","1":"product","2":"type-product","3":"status-publish","4":"has-post-thumbnail","6":"product_cat-animasyon","7":"product_cat-karekter-kostumleri","8":"product_cat-kiralik","9":"product_tag-kiralik","11":"first","12":"instock","13":"shipping-taxable","14":"product-type-simple"},"_links":{"self":[{"href":"https:\/\/www.yesemekkostum.com\/kiralik\/wp-json\/wp\/v2\/product\/3198","targetHints":{"allow":["GET"]}}],"collection":[{"href":"https:\/\/www.yesemekkostum.com\/kiralik\/wp-json\/wp\/v2\/product"}],"about":[{"href":"https:\/\/www.yesemekkostum.com\/kiralik\/wp-json\/wp\/v2\/types\/product"}],"replies":[{"embeddable":true,"href":"https:\/\/www.yesemekkostum.com\/kiralik\/wp-json\/wp\/v2\/comments?post=3198"}],"wp:featuredmedia":[{"embeddable":true,"href":"https:\/\/www.yesemekkostum.com\/kiralik\/wp-json\/wp\/v2\/media\/4723"}],"wp:attachment":[{"href":"https:\/\/www.yesemekkostum.com\/kiralik\/wp-json\/wp\/v2\/media?parent=3198"}],"wp:term":[{"taxonomy":"product_brand","embeddable":true,"href":"https:\/\/www.yesemekkostum.com\/kiralik\/wp-json\/wp\/v2\/product_brand?post=3198"},{"taxonomy":"product_cat","embeddable":true,"href":"https:\/\/www.yesemekkostum.com\/kiralik\/wp-json\/wp\/v2\/product_cat?post=3198"},{"taxonomy":"product_tag","embeddable":true,"href":"https:\/\/www.yesemekkostum.com\/kiralik\/wp-json\/wp\/v2\/product_tag?post=3198"}],"curies":[{"name":"wp","href":"https:\/\/api.w.org\/{rel}","templated":true}]}}